is 20001143 (base 6) in base 3?
1001110101100
What is -347034 (base 11) in base 9?
-1028831
-1ed257 (base 15) to base 12
-60b384
What is -703a3 (base 11) in base 3?
-12020020110
What is 61778 (base 13) in base 15?
36c15
Convert 2616231 (base 11) to base 8.
21224153
What is 1524725 (base 8) in base 6?
13205421
Convert -320000333 (base 4) to base 7.
-1643630
Convert 1cd35c (base 14) to base 16.
fcb96
Convert -1011111111102220 (base 3) to base 12.
-5733850
What is -1111001010010101000 (base 2) in base 12?
-1bb608
21051553 (base 6) to base 11
389980
What is 4363046 (base 8) in base 4?
10132120212
Convert 10001110110010101 (base 2) to base 15.
169de
-14015424 (base 6) to base 13
-135694
-132012100 (base 4) to base 11
-84693
What is -203347 (base 13) in base 9?
-1362407
85462 (base 10) to base 12
4155a
What is -112032110 (base 4) in base 3?
-11121212102
Convert -40242 (base 10) to base 14.
-10946
Convert -2435335 (base 6) to base 2.
-11111100111101011
What is -23503211 (base 6) in base 7?
-6166552
28617b (base 12) to base 8
2444557
-26464074 (base 8) to base 15
-7c07ee
-3424411 (base 8) to base 15
-134e74
What is 3400243322 (base 5) in base 16?
7163af
61352 (base 8) to base 4
12023222
-137b57 (base 12) to base 14
-86511
3008c (base 14) to base 15
242b7
What is -445415441 (base 6) in base 13?
-18aa251
What is -2100101112 (base 3) in base 2?
-1011010010000011
-20111012100 (base 3) to base 7
-1041234
What is 200203 (base 14) in base 7?
12101103
What is 1b05375 (base 12) in base 14?
a9305b
What is -227c4 (base 15) in base 2?
-11010110010111111
What is -100311031 (base 4) in base 11?
-47884
What is 1826399 (base 11) in base 13?
845c83
What is 8496b8 (base 12) in base 15?
2b448b
What is -102b92 (base 13) in base 14?
-9b8c1
What is 162e28 (base 16) in base 15?
1daa73
Convert 22321130 (base 4) to base 10.
44636
What is -1250555 (base 6) in base 16?
-10d27
-52e1a (base 15) to base 10
-263050
What is -2452226 (base 7) in base 3?
-121000120002
Convert -216327 (base 8) to base 5.
-4313134
What is -133210222211 (base 4) in base 15?
-ad7515
Convert 2141414 (base 5) to base 8.
110365
Convert -110431e (base 15) to base 14.
-188903a
Convert 5217448 (base 9) to base 12.
b2505b
343110 (base 7) to base 11
41a05
Convert 75eb6 (base 15) to base 16.
5b72b
What is -3173e (base 15) in base 9?
-258175
Convert -70480 (base 10) to base 2.
-10001001101010000
Convert -10476366 (base 8) to base 5.
-1034311324
Convert -5322455 (base 6) to base 8.
-773343
2991d3 (base 14) to base 6
51000341
What is -31333120033 (base 4) in base 10?
-3667471
-120121032 (base 5) to base 6
-15452424
Convert 10110001110111011110000 (base 2) to base 4.
112032323300
-414415025 (base 6) to base 12
-2501475
What is a5076 (base 15) in base 12?
212970
Convert 1350768 (base 9) to base 3.
1101200212022
-b52e (base 15) to base 5
-2211134
75071 (base 11) to base 7
633266
What is -830642 (base 10) in base 14?
-1789d8
What is -23045052 (base 8) in base 7?
-60332310
20001220101 (base 3) to base 6
2321101
What is -2404351 (base 6) in base 5?
-13003134
-a5c63a (base 15) to base 14
-1094cc4
Convert -54b860 (base 15) to base 11.
-2309114
4b42566 (base 12) to base 14
1d66058
Convert -140353 (base 8) to base 4.
-30003223
Convert 108850 (base 11) to base 10.
172722
240433 (base 10) to base 14
6389b
12250655 (base 8) to base 7
32005465
Convert 19d9d9 (base 15) to base 14.
24b82c
-3d53db (base 14) to base 3
-11000002012220
What is 22201200122 (base 3) in base 16?
29f2a
Convert 672855 (base 14) to base 9.
6528167
2410202 (base 5) to base 7
243345
Convert -2c2507 (base 13) to base 5.
-234344224
What is 1cfcd (base 16) in base 7?
1003106
Convert 1411100431 (base 5) to base 8.
15617710
What is 103138 (base 12) in base 9?
426628
100100111111011010110 (base 2) to base 11
758756
What is -79c6a4 (base 15) in base 13?
-1286cc5
What is 24343034 (base 5) in base 10?
231019
-142b32 (base 12) to base 7
-2602040
Convert -4a34eb (base 15) to base 7.
-42134264
-17587077 (base 9) to base 4
-201302012122
-313313122 (base 4) to base 12
-b050a
Convert -1561164 (base 7) to base 3.
-102000000120
-561645 (base 7) to base 12
-49433
Convert -540279 (base 12) to base 4.
-11010011331
What is -ad30d (base 15) in base 7?
-4452604
Convert 627c27 (base 14) to base 3.
20020221112220
Convert -7310551 (base 8) to base 6.
-105311053
Convert 7ca2d2 (base 15) to base 4.
112232132102
Convert 30b5a8 (base 12) to base 13.
20aa82
What is 11110100111001110001010 (base 2) in base 15?
a87b80
What is -230501104 (base 6) in base 2?
-10000001010101101100000
Convert 101101110110010111000 (base 2) to base 10.
1502392
-2a20555 (base 11) to base 2
-10011110001100001011011
What is 897c5 (base 16) in base 10?
563141
-1313310 (base 6) to base 3
-10122211020
Convert -314538 (base 10) to base 13.
-b0223
Convert 7025 (base 14) to base 7.
110045
Convert -13ff6 (base 16) to base 7.
-460543
Convert 357a4a (base 11) to base 16.
8a69b
What is -95812 (base 10) in base 16?
-17644
Convert -190311 (base 15) to base 2.
-100101000110011001011
What is 20b40b (base 14) in base 2?
100001110001011000011
Convert 331430 (base 10) to base 8.
1207246
-121200201002011 (base 3) to base 9
-17621064
What is -10233012133 (base 4) in base 7?
-13360354
Convert -134434114 (base 5) to base 11.
-43a804
-35647070 (base 8) to base 14
-10775c4
-44e1f0 (base 16) to base 15
-5e2878
What is -cb0cc4 (base 15) in base 8?
-44713103
365a9b (base 12) to base 6
30515115
What is -53152 (base 9) in base 2?
-1000100100110000
Convert 32406b (base 16) to base 8.
14440153
What is 3257076 (base 8) in base 15?
1248b4
1583339 (base 13) to base 11
39a6307
-e15e0 (base 16) to base 15
-1337a4
What is 2175803 (base 11) in base 5?
1434024121
What is 120241503 (base 6) in base 16?
227e8f
Convert -104036433 (base 7) to base 3.
-102202021100210
What is -132330222 (base 4) in base 10?
-126762
2819616 (base 10) to base 11
1656468
What is -1120010220102 (base 3) in base 7?
-10023314
Convert -267248 (base 11) to base 8.
-1463347
What is -59032 (base 10) in base 16?
-e698
Convert -284259 (base 12) to base 14.
-13667b
Convert -130d23 (base 15) to base 11.
-574949
-73c43 (base 13) to base 15
-41c1b
Convert 176353 (base 9) to base 12.
53549
Convert 47512100 (base 8) to base 6.
1010430024
60501 (base 12) to base 4
132203101
Convert 101011000001100 (base 2) to base 3.
1010012212
-1045421 (base 6) to base 15
-10ad7
-2125201 (base 6) to base 5
-11323313
Convert -523072 (base 10) to base 4.
-1333231000
613052 (base 7) to base 6
2122525
Convert 37937 (base 12) to base 10.
75643
What is -2531061 (base 7) in base 16?
-4fd0a
What is -7a37c9 (base 16) in base 12?
-2823289
What is 288441 (base 11) in base 7?
3554066
3403677 (base 8) to base 6
31412515
Convert 1c21c8 (base 13) to base 10.
718752
1717873 (base 13) to base 16
72008e
What is 4477bb (base 12) in base 13?
2c2a90
What is 7668959 (base 10) in base 2?
11101010000010011011111
What is 6015 (base 16) in base 5?
1241342
What is -64602 (base 14) in base 10?
-242650
Convert -1210742 (base 11) to base 10.
-2109197
752668 (base 11) to base 9
2234544
20331312112 (base 4) to base 3
11102102021001
What is 135134414 (base 6) in base 3?
12012111101201
Convert -91ef3 (base 16) to base 13.
-17c0c7
What is 87707 (base 10) in base 2?
10101011010011011
-103556300 (base 7) to base 16
-5ed939
Convert 78469 (base 11) to base 7.
652320
What is -2ede7c (base 15) in base 7?
-25222416
Convert -22113201101 (base 4) to base 15.
-38a402
Convert 52400 (base 8) to base 2.
101010100000000
3bf5a (base 16) to base 10
245594
Convert -bc852 (base 14) to base 15.
-906b4
What is -14de0 (base 16) in base 14?
-23212
-100cdc4 (base 14) to base 15
-9e6809
Convert -206712 (base 9) to base 7.
-1021514
What is -100111011010011011100 (base 2) in base 16?
-13b4dc
What is 6476054 (base 8) in base 14?
3327a4
Convert 431024224 (base 5) to base 14.
35329c
What is -250750 (base 12) in base 8?
-2230454
-1434247 (base 9) to base 5
-200243231
What is 45dd24 (base 15) in base 6?
155311111
50941 (base 12) to base 6
2130121
What is 1812455 (base 10) in base 9?
3362188
122120020012 (base 3) to base 8
1243161
-203404 (base 6) to base 9
-24374
-a72cb (base 13) to base 7
-2363664
What is 1143414202 (base 5) in base 4?
22113102002
What is -138746 (base 